 prime factors of 5704390?
2, 5, 47, 53, 229
List the prime factors of 483240.
2, 3, 5, 4027
What are the prime factors of 26433451?
11, 397, 6053
List the prime factors of 8262041.
8262041
What are the prime factors of 1646062?
2, 11, 74821
What are the prime factors of 476547?
3, 158849
What are the prime factors of 44833?
107, 419
List the prime factors of 13232755.
5, 2646551
List the prime factors of 5401935.
3, 5, 7, 11, 1559
List the prime factors of 2393704.
2, 299213
What are the prime factors of 437937?
3, 17, 31, 277
List the prime factors of 19548306.
2, 3, 211, 5147
List the prime factors of 4918327.
1163, 4229
What are the prime factors of 617178?
2, 3, 29, 3547
What are the prime factors of 1450085?
5, 7, 13, 3187
List the prime factors of 1430450.
2, 5, 7, 61, 67
What are the prime factors of 3176288?
2, 99259
What are the prime factors of 5454899?
89, 61291
List the prime factors of 29761016.
2, 17, 59, 3709
What are the prime factors of 12083796?
2, 3, 127, 881
List the prime factors of 2145951.
3, 238439
List the prime factors of 109953.
3, 19, 643
List the prime factors of 2572961.
19, 191, 709
List the prime factors of 444853.
661, 673
List the prime factors of 221713.
221713
List the prime factors of 3127995.
3, 5, 13, 5347
What are the prime factors of 403177?
193, 2089
What are the prime factors of 1974906?
2, 3, 109717
What are the prime factors of 302305?
5, 103, 587
What are the prime factors of 2611095?
3, 5, 109, 1597
List the prime factors of 2880790.
2, 5, 11, 26189
List the prime factors of 46457.
46457
What are the prime factors of 836686?
2, 418343
What are the prime factors of 537297?
3, 179099
What are the prime factors of 1747630?
2, 5, 174763
What are the prime factors of 956971?
29, 32999
List the prime factors of 100266.
2, 3, 17, 983
What are the prime factors of 455006?
2, 83, 2741
What are the prime factors of 3063399?
3, 773, 1321
What are the prime factors of 7564851?
3, 7, 120077
What are the prime factors of 108754?
2, 54377
List the prime factors of 1009746.
2, 3, 23, 271
List the prime factors of 495848.
2, 61981
List the prime factors of 8881416.
2, 3, 293, 421
What are the prime factors of 9530117?
71, 134227
What are the prime factors of 12208897?
79, 154543
What are the prime factors of 1131348?
2, 3, 29, 3251
What are the prime factors of 2181690?
2, 3, 5, 7, 3463
List the prime factors of 2495793.
3, 41, 103, 197
List the prime factors of 407529.
3, 45281
What are the prime factors of 9892511?
9892511
What are the prime factors of 2857763?
2857763
List the prime factors of 74867.
13, 443
List the prime factors of 26027279.
311, 83689
List the prime factors of 1321718.
2, 23, 59, 487
What are the prime factors of 157895?
5, 23, 1373
What are the prime factors of 3631708?
2, 907927
What are the prime factors of 488952?
2, 3, 6791
What are the prime factors of 2295338?
2, 1147669
What are the prime factors of 195140?
2, 5, 11, 887
What are the prime factors of 208477?
163, 1279
What are the prime factors of 696394?
2, 23, 15139
List the prime factors of 180811.
180811
What are the prime factors of 1086807?
3, 67, 5407
List the prime factors of 39199155.
3, 5, 29, 97, 929
List the prime factors of 154906.
2, 73, 1061
What are the prime factors of 658030?
2, 5, 23, 2861
What are the prime factors of 108411?
3, 36137
List the prime factors of 9784381.
227, 43103
List the prime factors of 340943.
367, 929
What are the prime factors of 11106751?
293, 37907
What are the prime factors of 1120473?
3, 29, 53
List the prime factors of 4435063.
43, 103141
What are the prime factors of 26326328?
2, 7, 239, 281
List the prime factors of 6390575.
5, 107, 2389
What are the prime factors of 1854528?
2, 3, 13, 743
What are the prime factors of 3500687?
3500687
What are the prime factors of 2799127?
599, 4673
List the prime factors of 132938.
2, 13, 5113
What are the prime factors of 3283937?
47, 107, 653
What are the prime factors of 461762?
2, 7, 32983
List the prime factors of 4524257.
577, 7841
List the prime factors of 418312.
2, 52289
List the prime factors of 14453310.
2, 3, 5, 29, 37, 449
What are the prime factors of 642493?
127, 5059
List the prime factors of 12619292.
2, 7, 29, 15541
What are the prime factors of 5913217?
97, 60961
What are the prime factors of 13405435?
5, 17, 23, 6857
List the prime factors of 347501.
7, 11, 4513
What are the prime factors of 18064089?
3, 59, 34019
What are the prime factors of 297599?
139, 2141
List the prime factors of 261439.
261439
List the prime factors of 13803628.
2, 113, 30539
What are the prime factors of 15138097?
13, 157, 7417
List the prime factors of 52016.
2, 3251
List the prime factors of 17496055.
5, 19, 43, 4283
List the prime factors of 1509464.
2, 11, 17, 1009
What are the prime factors of 3482932?
2, 241, 3613
What are the prime factors of 254834?
2, 47, 2711
What are the prime factors of 15695787?
3, 5231929
What are the prime factors of 2038551?
3, 679517
What are the prime factors of 1337576?
2, 167197
What are the prime factors of 347391?
3, 11, 29
What are the prime factors of 2148143?
53, 40531
What are the prime factors of 4223053?
23, 183611
List the prime factors of 183183.
3, 7, 11, 13, 61
What are the prime factors of 20713523?
227, 91249
List the prime factors of 23484146.
2, 7, 61, 107, 257
What are the prime factors of 3277024?
2, 102407
What are the prime factors of 892607?
23, 197
List the prime factors of 14339908.
2, 11, 17, 19, 1009
What are the prime factors of 689504?
2, 29, 743
What are the prime factors of 14170425?
3, 5, 188939
List the prime factors of 4309246.
2, 179, 12037
What are the prime factors of 11977628?
2, 13, 230339
List the prime factors of 5170523.
163, 31721
What are the prime factors of 1887642?
2, 3, 104869
List the prime factors of 18817008.
2, 3, 7, 56003
What are the prime factors of 137423?
11, 13, 31
What are the prime factors of 208055?
5, 41611
What are the prime factors of 13372827?
3, 13, 19, 18047
What are the prime factors of 100200?
2, 3, 5, 167
What are the prime factors of 916863?
3, 305621
List the prime factors of 2627783.
197, 13339
What are the prime factors of 98867?
98867
What are the prime factors of 418865?
5, 83773
What are the prime factors of 1068428?
2, 73, 3659
What are the prime factors of 10920636?
2, 3, 101117
List the prime factors of 786506.
2, 7, 56179
What are the prime factors of 352122?
2, 3, 58687
List the prime factors of 216375.
3, 5, 577
What are the prime factors of 94471?
13, 43
What are the prime factors of 16078616?
2, 2009827
What are the prime factors of 957066?
2, 3, 11, 17, 853
List the prime factors of 2338375.
5, 13, 1439
List the prime factors of 1044320.
2, 5, 61, 107
List the prime factors of 515879.
7, 13, 5669
What are the prime factors of 538975?
5, 21559
What are the prime factors of 187419?
3, 62473
List the prime factors of 1837339.
7, 31, 8467
List the prime factors of 680790.
2, 3, 5, 11, 2063
List the prime factors of 171286.
2, 85643
What are the prime factors of 485677?
31, 15667
List the prime factors of 1426196.
2, 356549
What are the prime factors of 690817?
690817
List the prime factors of 2128236.
2, 3, 11, 23, 701
List the prime factors of 9194717.
7, 463, 2837
What are the prime factors of 367684?
2, 91921
What are the prime factors of 62470?
2, 5, 6247
What are the prime factors of 9726200?
2, 5, 11, 4421
What are the prime factors of 1165184?
2, 9103
List the prime factors of 29894.
2, 14947
List the prime factors of 296590.
2, 5, 7, 19, 223
List the prime factors of 2797593.
3, 941, 991
List the prime factors of 563002.
2, 11, 157, 163
List the prime factors of 2869474.
2, 1434737
What are the prime factors of 22722276?
2, 3, 193, 9811
List the prime factors of 3286714.
2, 1643357
What are the prime factors of 2505852?
2, 3, 47, 1481
List the prime factors of 2249057.
73, 30809
List the prime factors of 557356.
2, 139339
List the prime factors of 351274.
2, 7, 11, 2281
List the prime factors of 84125.
5, 673
What are the prime factors of 359519?
233, 1543
What are the prime factors of 862136?
2, 11, 97, 101
What are the prime factors of 1987599?
3, 223, 2971
What are the prime factors of 1936908?
2, 3, 173, 311
What are the p